usands digit of 341625?
1
What is the hundreds digit of 50212?
2
What is the ten thousands digit of 68697?
6
What is the ten thousands digit of 44838?
4
What is the tens digit of 66046?
4
What is the units digit of 76366?
6
What is the hundreds digit of 129306?
3
What is the hundreds digit of 1189084?
0
What is the tens digit of 338711?
1
What is the hundred thousands digit of 275337?
2
What is the units digit of 1889954?
4
What is the millions digit of 1479335?
1
What is the millions digit of 1980895?
1
What is the hundred thousands digit of 194265?
1
What is the tens digit of 259715?
1
What is the thousands digit of 60129?
0
What is the hundreds digit of 1392209?
2
What is the thousands digit of 206154?
6
What is the ten thousands digit of 1154173?
5
What is the tens digit of 528901?
0
What is the units digit of 5295328?
8
What is the thousands digit of 548855?
8
What is the hundreds digit of 7920194?
1
What is the hundreds digit of 11084311?
3
What is the units digit of 13044811?
1
What is the ten thousands digit of 4695757?
9
What is the tens digit of 713189?
8
What is the hundred thousands digit of 1341063?
3
What is the millions digit of 8243845?
8
What is the hundreds digit of 77831?
8
What is the tens digit of 8493709?
0
What is the thousands digit of 8557704?
7
What is the ten thousands digit of 326849?
2
What is the ten thousands digit of 84198?
8
What is the ten thousands digit of 2484025?
8
What is the hundred thousands digit of 853762?
8
What is the units digit of 10806304?
4
What is the hundreds digit of 908166?
1
What is the hundred thousands digit of 340986?
3
What is the units digit of 30618921?
1
What is the ten thousands digit of 1148132?
4
What is the hundred thousands digit of 13936383?
9
What is the tens digit of 25109?
0
What is the hundreds digit of 664037?
0
What is the millions digit of 3455713?
3
What is the units digit of 14511199?
9
What is the tens digit of 142363?
6
What is the tens digit of 2986158?
5
What is the thousands digit of 200973?
0
What is the tens digit of 1840183?
8
What is the tens digit of 785580?
8
What is the tens digit of 660159?
5
What is the thousands digit of 2282520?
2
What is the hundred thousands digit of 16183141?
1
What is the tens digit of 2453816?
1
What is the millions digit of 5208165?
5
What is the hundreds digit of 5450118?
1
What is the ten thousands digit of 3391967?
9
What is the hundred thousands digit of 487679?
4
What is the tens digit of 753376?
7
What is the tens digit of 49127?
2
What is the millions digit of 9907271?
9
What is the ten thousands digit of 1895484?
9
What is the units digit of 179466?
6
What is the tens digit of 8000863?
6
What is the thousands digit of 355164?
5
What is the ten thousands digit of 7555024?
5
What is the thousands digit of 72837?
2
What is the ten millions digit of 17694071?
1
What is the tens digit of 354738?
3
What is the ten thousands digit of 20732665?
3
What is the tens digit of 275577?
7
What is the ten thousands digit of 813733?
1
What is the hundreds digit of 362060?
0
What is the tens digit of 320103?
0
What is the thousands digit of 10210357?
0
What is the hundreds digit of 4639831?
8
What is the hundreds digit of 472580?
5
What is the ten thousands digit of 2687813?
8
What is the units digit of 101209?
9
What is the ten thousands digit of 2950410?
5
What is the tens digit of 11934580?
8
What is the ten thousands digit of 12654404?
5
What is the hundreds digit of 5455667?
6
What is the tens digit of 59931?
3
What is the units digit of 62363?
3
What is the thousands digit of 570964?
0
What is the tens digit of 276822?
2
What is the hundred thousands digit of 2716991?
7
What is the hundreds digit of 122666?
6
What is the hundred thousands digit of 668276?
6
What is the ten thousands digit of 220587?
2
What is the units digit of 1525543?
3
What is the hundreds digit of 4973879?
8
What is the hundreds digit of 383609?
6
What is the hundreds digit of 45891?
8
What is the ten thousands digit of 33621866?
2
What is the units digit of 174037?
7
What is the units digit of 92975?
5
What is the thousands digit of 170887?
0
What is the hundred thousands digit of 125885?
1
What is the hundreds digit of 717575?
5
What is the hundreds digit of 484328?
3
What is the thousands digit of 7958049?
8
What is the hundreds digit of 12754481?
4
What is the units digit of 14257?
7
What is the ten thousands digit of 1369477?
6
What is the ten thousands digit of 11386620?
8
What is the hundreds digit of 308254?
2
What is the ten thousands digit of 3630903?
3
What is the tens digit of 165106?
0
What is the millions digit of 30170613?
0
What is the units digit of 3163540?
0
What is the tens digit of 4873996?
9
What is the tens digit of 1139891?
9
What is the tens digit of 46133?
3
What is the tens digit of 15043395?
9
What is the hundreds digit of 205898?
8
What is the ten thousands digit of 522076?
2
What is the millions digit of 1373072?
1
What is the tens digit of 1182313?
1
What is the hundreds digit of 7570060?
0
What is the ten millions digit of 10895195?
1
What is the units digit of 402171?
1
What is the ten millions digit of 21771305?
2
What is the ten thousands digit of 1966697?
6
What is the hundreds digit of 1441488?
4
What is the thousands digit of 184853?
4
What is the millions digit of 16559012?
6
What is the hundred thousands digit of 8537311?
5
What is the hundred thousands digit of 137891?
1
What is the ten thousands digit of 17122907?
2
What is the units digit of 36353646?
6
What is the hundreds digit of 8327846?
8
What is the ten thousands digit of 331106?
3
What is the hundreds digit of 8841?
8
What is the thousands digit of 345644?
5
What is the tens digit of 24075260?
6
What is the ten thousands digit of 124030?
2
What is the hundred thousands digit of 904476?
9
What is the hundreds digit of 22549894?
8
What is the tens digit of 16430028?
2
What is the millions digit of 1372910?
1
What is the ten thousands digit of 2390872?
9
What is the hundreds digit of 1384460?
4
What is the hundreds digit of 72417?
4
What is the thousands digit of 4298502?
8
What is the units digit of 5251044?
4
What is the hundred thousands digit of 470531?
4
What is the ten thousands digit of 604106?
0
What is the ten thousands digit of 6651640?
5
What is the ten thousands digit of 2368357?
6
What is the hundreds digit of 805499?
4
What is the thousands digit of 50109?
0
What is the hundred thousands digit of 1506163?
5
What is the thousands digit of 400827?
0
What is the ten thousands digit of 448740?
4
What is the hundreds digit of 4532834?
8
What is the hundreds digit of 46638?
6
What is the hundreds digit of 8614392?
3
What is the thousands digit of 235809?
5
What is the units digit of 5711719?
9
What is the hundreds digit of 2791254?
2
What is the tens digit of 1287025?
2
What is the ten thousands digit of 320216?
2
What is the ten thousands digit of 14905964?
0
What is the millions digit of 7583693?
7
What is the units digit of 901624?
4
What is the hundred thousands digit of 866169?
8
What is the ten thousands digit of 20290854?
9
What is the hundred thousands digit of 923513?
9
What is the hundreds digit of 3101459?
4
What is the tens digit of 9536495?
9
What is the millions digit of 15389018?
5
What is the thousands digit of 2162622?
2
What is the hundreds digit of 111470?
4
What is the ten thousands digit of 8554095?
5
What is the thousands digit of 18270713?
0
What is the thousands digit of 867191?
7
What is the hundreds digit of 385721?
7
What is the millions digit of 3688650?
3
What is the hundreds digit of 250360?
3
What is the thousands digit of 1259517?
9
What is the hundreds digit of 1157244?
2
What is the tens digit of 19042805?
0
What is the ten thousands digit of 3273368?
7
What is the ten thousands digit of 1734980?
3
What is the units digit of 64575?
5
What is the units digit of 418384?
4
What is the units digit of 196058?
8
What is the hundreds digit of 754719?
7
What is the millions digit of 4203765?
4
What is the tens digit of 6687386?
8
What is the units digit of 2883342?
2
What is the units digit of 1067031?
1
What is the millions digit of 5162671?
5
What is the ten thousands digit of 384047?
8
What is the hundreds digit of 3096185?
1
